f?
0
Let u(b) = 9*b**3 + 2*b - 9. Let v(x) = 8*x**3 + 3*x - 10. Let c(s) = -7*u(s) + 6*v(s). What is the remainder when 53 is divided by c(-1)?
11
Let y(v) = 19*v + 136. Let t(u) = u**2 - 5*u + 9. Calculate the remainder when t(10) is divided by y(-6).
15
Let a = 58 - 13. Suppose -5*f + q - 179 = -238, f - 5*q - 7 = 0. What is the remainder when a is divided by f?
9
Let p(q) = 24*q - 288. Calculate the remainder when p(17) is divided by 7.
1
Let f(u) = 5*u + 58. Calculate the remainder when 504 is divided by f(-9).
10
Let y(c) = -c + 7. Let u be y(6). Let r be (4/(-4))/(u/(-7)). Suppose -r*m + 5*m + 30 = 0. What is the remainder when m is divided by 9?
6
Let l be 49/21 + 2/(-6). Suppose 7*y - 80 = l*y. Suppose -y = -3*p - 2*q + 69, 0 = 3*q + 12. What is the remainder when p is divided by 11?
9
Suppose 7*f - 100 = 33. What is the remainder when 60 is divided by f?
3
Suppose -17*v - 6 = -14*v. Let l(o) be the second derivative of -o**5/20 - 2*o**3/3 - 3*o**2/2 + o. What is the remainder when 37 is divided by l(v)?
11
Suppose 11 + 9 = 2*o. Let f be (-4)/(-6) - o/15. Suppose f = 5*x - 7*x + 18. Calculate the remainder when 21 is divided by x.
3
Let z be (-172)/6 + 8/12. Let y = 14 - z. Calculate the remainder when y is divided by 22.
20
Suppose -3*a = -m - 7*a + 77, -3*a = 12. Calculate the remainder when m is divided by 6.
3
Calculate the remainder when 1122 is divided by (-25)/(-1)*(4 - 36/12).
22
Suppose -r + 39 = 5*s, -23*r + 21*r + 3*s + 39 = 0. Calculate the remainder when 76 is divided by r.
4
Let d = 17 + -19. Let y = d - -18. Let x(n) = n**2 + 9*n - 4. Calculate the remainder when y is divided by x(-10).
4
Suppose 3*i = 2*t + 32, 0 = -4*i - 3*t + 64 - 10. Let z(q) = q**2 + 5*q + 3. What is the remainder when i is divided by z(-5)?
0
Let l be ((-20)/6)/(14/21). Suppose 5*r - 39 = 36. Calculate the remainder when l/10*116/(-1) is divided by r.
13
Suppose -2*v - 9 = -2*n + n, 2*n = -3*v + 25. What is the remainder when 43 is divided by n?
10
Suppose -34 = 7*j - 2*j + w, -4*j = 4*w + 24. Calculate the remainder when ((-1)/((-4)/j))/((-1)/28) is divided by 26.
23
Let u(h) = -h**3 + 3*h**2 + 9*h - 12. Calculate the remainder when u(3) is divided by 5.
0
Suppose -27 = -o + 24. Let j = o - 40. What is the remainder when 20 is divided by j?
9
Let a be (-12)/8 + 1/2 + 1. Suppose 3*p - p - 36 = a. What is the remainder when p is divided by 10?
8
Suppose 901 = 3*j + 3*c - 392, 3*c - 2147 = -5*j. Calculate the remainder when j is divided by 69.
13
Suppose -2*x + 19 = -101. Calculate the remainder when 355 is divided by x.
55
Suppose 3*g - 663 = 5*d, -4*d - 526 = 3*g - g. Let j = -64 - d. Let q = -20 + 55. What is the remainder when j is divided by q?
33
What is the remainder when 468 is divided by 336*(-9 + 65/7)?
84
Suppose 0 = c - 5*r + 16, -6*c = -c - 4*r - 4. Let a be (-8)/20 - (-27)/(-45). Calculate the remainder when 65 is divided by a/c - 207/(-12).
14
Suppose 172 = -4*x - k - 106, 5*x + 4*k + 353 = 0. Let d = x - -76. Calculate the remainder when 17 is divided by d.
3
Let c = -35 + 86. Suppose 0 = -2*g + 4*g - 54. Suppose 3*z = -4*j + g, 5*z - 2*j - 40 = 31. Calculate the remainder when c is divided by z.
12
Let z be 3*(-2)/15 + 437/5. Let y = 0 + z. Calculate the remainder when y is divided by 10.
7
Calculate the remainder when (-3360)/63*9/(-6) is divided by 42.
38
Suppose -3*o + 3 = 4*c + 59, -4*c + 2*o = 36. Let u = 14 + c. Calculate the remainder when 5 is divided by u.
2
Suppose 0 = -9*i + 5*i. Suppose i = 4*f - 12 - 36. Let l = 47 - f. What is the remainder when 104 is divided by l?
34
Suppose 5*l + 2 = -3. Let p(b) = -4*b. Suppose 4*s - 34*c = -33*c + 21, 4*c + 19 = 3*s. What is the remainder when s is divided by p(l)?
1
Suppose -257 = -15*l + 163. Suppose a + 8 = 24. Let v = -6 + a. Calculate the remainder when l is divided by v.
8
Suppose -4*w - 4*g + 108 = 0, 2*w = 3*g - 7 + 86. Calculate the remainder when w is divided by (-135)/(-7) - (-4)/(-14).
13
Suppose -5*p = -2*r - 1 - 20, 0 = -2*p - 3*r - 3. Suppose p*b - 5*b = -70. Suppose 10 = v - 2. Calculate the remainder when b is divided by v.
11
Suppose 6*m + 12 - 42 = 0. Suppose -m*b = -281 - 4. Calculate the remainder when b is divided by 29.
28
Suppose 0 = 2*b - 26 - 60. Let r = -20 - -22. Suppose -r*j = -2*v - 11 - 5, 5*j = -v + 58. Calculate the remainder when b is divided by j.
10
Let v(f) = 3*f**2 + 3*f + 8. Let l be v(-10). Suppose -322 - l = -10*m. What is the remainder when m is divided by 21?
18
Calculate the remainder when (297/18)/((-3)/(-24)) is divided by 9.
6
Let u be (-38)/5 + (-26)/65. Let q(w) = w - 16. Let f be q(u). Let m = f - -36. What is the remainder when 35 is divided by m?
11
Suppose v = -2*d - 80, 5*d + 84 = v - 109. Let j = -35 - d. Calculate the remainder when 7 is divided by j.
3
Let o = -1 - -9. Let y(h) = 4*h + 5. Let d be y(-2). Let i(m) = -m**3 + 4*m + 7. Calculate the remainder when i(d) is divided by o.
6
Suppose -14*w + 117 = -5*w. Let k = w - 5. What is the remainder when 27 is divided by k?
3
Suppose 0 = m - 4*g - 7, 2*g + 0*g - 2 = 0. Let y(o) = o**3 + o**2 + 51. What is the remainder when y(0) is divided by m?
7
Let v = -23 - -36. Let o(g) = -44*g**3 - 3*g + 2. Let d be o(1). What is the remainder when v is divided by d/(-10) - 1/(-2)?
3
Calculate the remainder when ((-4)/6)/(2/(-327)) is divided by 28.
25
Suppose -4*q + 3*n = n - 110, -2*n + 115 = 5*q. What is the remainder when 46 is divided by q?
21
Let j = 61 - 25. Suppose -2*h = 5*g - 531, -2*g = 3*h + 2 - 210. What is the remainder when g is divided by j?
35
Let q be (-116)/(-12) - 1/(-3). Let c = q + 6. Calculate the remainder when c is divided by 6.
4
Suppose 5*q - 19 - 51 = 0. Calculate the remainder when q is divided by ((-216)/84)/((-4)/14).
5
Let n be -2*(594/(-12))/9. Suppose -4*t = 2*x - 26, -5*x - 5*t + n + 39 = 0. What is the remainder when 31 is divided by x?
3
Let c(i) = -i**3 + 19*i**2 + 22*i - 32. Let d be (-1 - (23 + -4))*-1. What is the remainder when c(d) is divided by 4?
0
Calculate the remainder when 21 is divided by ((-2)/(-6))/1 + 649/33.
1
Suppose 12 = -w + 16. What is the remainder when (-232)/(-5) - (-2)/(-5) is divided by w - (-23 - (2 + -5))?
22
Let b(m) = -m**2 - 2*m + 20. Let i be (-2)/(0 + 4/(-10)). Suppose 0 = i*o - 10*o + 50. What is the remainder when b(-3) is divided by o?
7
Suppose -264 = 4*t + 3*q + 163, 3*t = -4*q - 329. Let j = -59 - t. What is the remainder when j is divided by 23?
21
Suppose 0 = 3*n, 6*n - 8*n + 320 = 4*p. What is the remainder when p is divided by 15?
5
Suppose -8460 - 5118 = -31*w. What is the remainder when w is divided by 21?
18
Suppose -2*w + 50 = -7*w. Let s(a) = a + 18. Let v(g) = 7*g + 1. What is the remainder when v(4) is divided by s(w)?
5
Suppose -2*x + 3*k + 9 = 0, 5*x - 2*k = 15 + 13. Let z = 22 - x. Let t(o) = o**3 + 91*o**2 + 3*o + 334. Calculate the remainder when t(-91) is divided by z.
13
Suppose -68*z + 77*z - 72 = 0. Calculate the remainder when 20 is divided by z.
4
Let s = -163 + 203. Calculate the remainder when s is divided by 16.
8
Let w(x) = 21*x + 8 + 8 - 21 - 1. What is the remainder when w(5) is divided by 25?
24
Suppose 6*s = -11*s + 68. Let u be 5*2*(-1)/5. Let b = u + 13. Calculate the remainder when b is divided by s.
3
Let q = -26 - -28. Suppose -q*k = -4*d - 64, -4*k - 4*d + 116 = -0*d. Calculate the remainder when 87 is divided by k.
27
Suppose -3*c + 4*a + 29 = 0, c + 2*c + 2*a + 1 = 0. Suppose t + 10 = p, -p + c*t - 1 = -3. Let s = -49 - -75. What is the remainder when s is divided by p?
12
What is the remainder when 3/(-5)*(103 + -248) is divided by 37?
13
Let n(g) = g**2 + 3*g - 9. Let m = 93 + -99. What is the remainder when 31 is divided by n(m)?
4
Suppose -3*i - 2*o + 27 = 0, -i + 9 = -o - 0. What is the remainder when 26 is divided by i?
8
Suppose 10 = 5*m - 0*m, 0 = -4*d - 4*m + 404. What is the remainder when 411 is divided by d?
15
Suppose 73 = 2*w + w - 2*t, 4*t - 124 = -4*w. Let i be (-3096)/(-88) + 4/(-22). Suppose q + i = 6*q. What is the remainder when w is divided by q?
6
Let q(k) = -k**2 - 24*k - 19. Let m be q(-17). Let p = m - 66. What is the remainder when p is divided by 5?
4
Let f be ((0 + 1)*-1)/(3/(-27)). Suppose -10*j = -f*j - 16. What is the remainder when 28 is di